{"id":16,"date":"2021-05-20T15:16:59","date_gmt":"2021-05-20T13:16:59","guid":{"rendered":"https:\/\/eatthefrog.de\/?page_id=16"},"modified":"2025-03-24T08:37:47","modified_gmt":"2025-03-24T07:37:47","slug":"ueber-uns","status":"publish","type":"page","link":"https:\/\/eatthefrog.de\/en\/ueber-uns\/","title":{"rendered":"About us"},"content":{"rendered":"<div class=\"wp-block-image\">\n<figure class=\"aligncenter size-large\"><img loading=\"lazy\" decoding=\"async\" width=\"819\" height=\"1024\" src=\"https:\/\/eatthefrog.de\/wp-content\/uploads\/2024\/02\/EAT-THE-FROG-Kollektiv-2-819x1024.webp\" alt=\"\" class=\"wp-image-540\" srcset=\"https:\/\/eatthefrog.de\/wp-content\/uploads\/2024\/02\/EAT-THE-FROG-Kollektiv-2-819x1024.webp 819w, https:\/\/eatthefrog.de\/wp-content\/uploads\/2024\/02\/EAT-THE-FROG-Kollektiv-2-240x300.webp 240w, https:\/\/eatthefrog.de\/wp-content\/uploads\/2024\/02\/EAT-THE-FROG-Kollektiv-2-768x961.webp 768w, https:\/\/eatthefrog.de\/wp-content\/uploads\/2024\/02\/EAT-THE-FROG-Kollektiv-2-10x12.webp 10w, https:\/\/eatthefrog.de\/wp-content\/uploads\/2024\/02\/EAT-THE-FROG-Kollektiv-2-540x675.webp 540w, https:\/\/eatthefrog.de\/wp-content\/uploads\/2024\/02\/EAT-THE-FROG-Kollektiv-2.webp 945w\" sizes=\"auto, (max-width: 819px) 100vw, 819px\" \/><\/figure>\n<\/div>\n\n\n<hr class=\"wp-block-separator has-alpha-channel-opacity\"\/>\n\n\n\n<h2 class=\"wp-block-heading has-text-align-center\"><strong><mark style=\"background-color:rgba(0, 0, 0, 0)\" class=\"has-inline-color has-buttons-background-color\">Mission Statement<\/mark><\/strong><\/h2>\n\n\n\n<p class=\"has-text-align-center has-buttons-background-color has-text-color has-link-color has-large-font-size wp-elements-4891045555e593c8aba3b2b7f9dfaf55 wp-block-paragraph\"><\/p>\n\n\n\n<p class=\"has-text-align-center wp-block-paragraph\"><strong>EAT THE FROG is more than a collective of artists making music.<\/strong><\/p>\n\n\n\n<p class=\"has-text-align-center wp-block-paragraph\">It is a vehicle driving our common search for meaning in unclear and constantly changing times, an artistic form of expression constantly in motion.<\/p>\n\n\n\n<p class=\"has-text-align-center wp-block-paragraph\">Sometimes revealed as a band, sometimes as curators. Sometimes as workshop-givers, sometimes as activists, often alongside many interdisciplinary artistic accomplices.<\/p>\n\n\n\n<p class=\"has-text-align-center wp-block-paragraph\">The intention is clear. In all the forms we choose to express ourselves, we strive for connection and exchange between people. Coming together in a space and feeling the collective connection that is constantly present but forgotten with increasing frequency in our social system, the focus lies on what connects, not on what separates us human beings: the feeling of collective energy and the resulting synergies, not intellectual but emotional.<\/p>\n\n\n\n<p class=\"has-text-align-center wp-block-paragraph\">It is political, it wants to emancipate and extract itself from existing social narratives - ones that create separation, ones that distort the focus on us as an interconnected community and prioritise instead the long outdated capitalist systems that do not place emphasis on people but on infinite growth and material ecstasy.<\/p>\n\n\n\n<p class=\"has-text-align-center wp-block-paragraph\">It manifests itself as an offer to bring people into contact with other, new narratives that are meant to create hope and courage in these times instead of further cultivating the opposite.<\/p>\n\n\n\n<p class=\"has-text-align-center wp-block-paragraph\"><strong>EAT THE FROG is more than a collective of artists making music.<\/strong><\/p>\n\n\n\n<p class=\"has-text-align-center wp-block-paragraph\">It is an organism in constant motion for new collective, artistic, creative ideas and elaborations, for equal exchange and communication, in search of like-minded accomplices.<\/p>\n\n\n\n<p class=\"has-text-align-center wp-block-paragraph\"><strong>It is an organism that already carries the future in the very present.<\/strong><\/p>\n\n\n\n<hr class=\"wp-block-separator has-alpha-channel-opacity\"\/>\n\n\n\n<h2 class=\"wp-block-heading has-text-align-center\">Short Bio<\/h2>\n\n\n\n<p class=\"wp-block-paragraph\"><br>EAT THE FROG Kollektiv was founded in 2020 by artists Stefan Vidal Schneider and Tobias Link to create a platform for improvised music, interdisciplinary art and community in M\u00fcnster, Germany. <\/p>\n\n\n\n<p class=\"wp-block-paragraph\">Since then, they have worked extensively with the dance collective MNEME kollektiv and together created the dance theater piece NIEMANDSLAND (2023). They also collaborated on the video project UNCIVILISATION - The Dark Mountain Manifesto with Vincent Moon, Hayden Chisholm and Georg Niehusmann. <\/p>\n\n\n\n<p class=\"wp-block-paragraph\">They were part of the collective that ran the independent art space TRAFOSTATION MUENSTER, where they curated the concert series WORK IN PROGRESS, organized bi-weekly community dinners, and held monthly workshops + performances with their ImproOrchestra EXTEMPORIZE, conducted with the sign language of the same name invented by Nana Pi Aabo Kim. <\/p>\n\n\n\n<p class=\"wp-block-paragraph\">They help to organize the annual Impro Camp + Festival in Frederica, Denmark, and are collaborating with Kate Sagovsky on her artistic research PhD in Ecosomatics in Performance entitled \"Rewinding Play\". <\/p>\n\n\n\n<p class=\"wp-block-paragraph\">EAT THE FROG were invited to perform and work with local musicians in Kurdistan\/Iraq in 2021 and 2023 and organized the HELAN Kurdish Mixed Arts Festival in Muenster, Germany in 2022 and 2023 in cooperation with the Goethe Institute Iraq. <\/p>\n\n\n\n<p class=\"wp-block-paragraph\">In January 2025 they went to Iceland to record their debut album with the band ARFI, a collaboration with Katr\u00edn Helga \u00d3lafsdott\u00edr, featuring guests artists like S\u00f3ley, RAKEL &amp; Sal\u00f3me Katr\u00edn. <\/p>\n\n\n\n<p class=\"wp-block-paragraph\">On April 17, 2025, their album UNCIVILISATION- THE DARK MOUNTAIN MANIFESTO featuring Hayden Chisholm is released on JazzHausMusik.<\/p>\n\n\n\n<hr class=\"wp-block-separator has-alpha-channel-opacity\"\/>\n\n\n\n<details class=\"wp-block-details alignwide has-accent-color has-text-color has-link-color wp-elements-7b278a066cc527e1c2c63d1f0ff9a5e6 is-layout-flow wp-block-details-is-layout-flow\"><summary>Stefan Vidal Schneider<\/summary>\n<hr class=\"wp-block-separator has-alpha-channel-opacity\"\/>\n\n\n\n<p class=\"has-buttons-background-color has-text-color has-link-color wp-elements-274fd43dcbb948398b2ee8d292bc246f wp-block-paragraph\">On the never ending and continuously transforming search to find, explore and create spaces and rooms, shapes and forms in an artistical as well as socio-culturally way, with the intent to focus on connection with other human beings in various, interdisciplinary encounters and doing this with fellow passionate and loving accomplices.<\/p>\n\n\n\n<p class=\"has-buttons-background-color has-text-color has-link-color wp-elements-fff96260783f3d4bfd3feb1f111a8e1a wp-block-paragraph\">Originally educated as a jazz drummer and working as such within this field by way of multiple national and international music projects, I\u2019ve slowly moved further and further away from being bounded to this particular classification, now listening to and following my own natural voice and intuition within, using this process to find a meaningful place in this complex and contradictory world.<\/p>\n\n\n\n<p class=\"has-buttons-background-color has-text-color has-link-color wp-elements-187b6507d4e8148a636c158ad4a53fad wp-block-paragraph\"><\/p>\n\n\n\n<p class=\"wp-block-paragraph\"><a href=\"https:\/\/stefanvidalschneider.de\/\" target=\"_blank\" rel=\"noreferrer noopener\">Stefans Website<\/a><\/p>\n\n\n\n<hr class=\"wp-block-separator has-alpha-channel-opacity\"\/>\n\n\n\n<p class=\"wp-block-paragraph\"><\/p>\n\n\n\n<p class=\"wp-block-paragraph\"><\/p>\n\n\n\n<p class=\"wp-block-paragraph\"><\/p>\n<\/details>\n\n\n\n<details class=\"wp-block-details alignwide has-accent-color has-text-color has-link-color wp-elements-056a6d4d0d0bffc0ef2414b0cd51e10a is-layout-flow wp-block-details-is-layout-flow\"><summary>Tobias Link<\/summary>\n<hr class=\"wp-block-separator has-alpha-channel-opacity\"\/>\n\n\n\n<p class=\"has-buttons-background-color has-text-color has-link-color wp-elements-9e688a90093f2edc7fa2462884d3522d wp-block-paragraph\">Tobias is an artist, musician, improviser, sound researcher and somatic practitioner with an interdisciplinary approach.&nbsp;<\/p>\n\n\n\n<p class=\"has-buttons-background-color has-text-color has-link-color wp-elements-91fcbe03d19dedc14f53c695d19842e9 wp-block-paragraph\">As a trained trombonist and improviser (HfMT Cologne, Lucerne University of Music, Folkwang University of the Arts Essen), he is intensively involved with human interactions and how alternative perspectives on social norms and possibilities beyond conventional (Western) imprints can be opened up.<\/p>\n\n\n\n<p class=\"has-primary-color has-text-color has-link-color wp-elements-8da25133184787a4c39a8644b7f9b62c wp-block-paragraph\">His interest in human behavior and learning led him to research somatic work and to train in the Feldenkrais Method and the Ilan Lev Method - bodywork and consciousness methods that strongly inspire his artistic expression.<\/p>\n\n\n\n<p class=\"has-buttons-background-color has-text-color has-link-color wp-elements-05a9eed396e705c18c88a54fd3319cd6 wp-block-paragraph\">What fascinates and drives him in everything he does is bringing people together and connecting them. To discover new ways of relating to ourselves, to others and to the world around us. To create possibilities and spaces that deconstruct reality as we know it and provoke new ways of experiencing the world. To question existing structures and enable new, unfamiliar forms of perception and experience - through and with sound, music and all other forms of human expression.&nbsp;<\/p>\n\n\n\n<p class=\"wp-block-paragraph\"><a href=\"https:\/\/www.instagram.com\/tobiaslink29\/\" target=\"_blank\" rel=\"noreferrer noopener\">Tobias Website<\/a><\/p>\n\n\n\n<hr class=\"wp-block-separator has-alpha-channel-opacity\"\/>\n<\/details>\n\n\n\n<p class=\"wp-block-paragraph\"><\/p>\n\n\n\n<p class=\"wp-block-paragraph\"><\/p>","protected":false},"excerpt":{"rendered":"<p>Philosophie EAT THE FROG ist mehr als ein Kollektiv von K\u00fcnstler*innen, die Musik machen. Es ist ein Vehikel, das unsere gemeinschaftliche Suche nach Sinn in diesen ungewissen und&hellip;<\/p>","protected":false},"author":2,"featured_media":0,"parent":0,"menu_order":0,"comment_status":"closed","ping_status":"closed","template":"template-full-width.php","meta":{"_crdt_document":"","footnotes":""},"class_list":["post-16","page","type-page","status-publish","hentry"],"_links":{"self":[{"href":"https:\/\/eatthefrog.de\/en\/wp-json\/wp\/v2\/pages\/16","targetHints":{"allow":["GET"]}}],"collection":[{"href":"https:\/\/eatthefrog.de\/en\/wp-json\/wp\/v2\/pages"}],"about":[{"href":"https:\/\/eatthefrog.de\/en\/wp-json\/wp\/v2\/types\/page"}],"author":[{"embeddable":true,"href":"https:\/\/eatthefrog.de\/en\/wp-json\/wp\/v2\/users\/2"}],"replies":[{"embeddable":true,"href":"https:\/\/eatthefrog.de\/en\/wp-json\/wp\/v2\/comments?post=16"}],"version-history":[{"count":76,"href":"https:\/\/eatthefrog.de\/en\/wp-json\/wp\/v2\/pages\/16\/revisions"}],"predecessor-version":[{"id":1107,"href":"https:\/\/eatthefrog.de\/en\/wp-json\/wp\/v2\/pages\/16\/revisions\/1107"}],"wp:attachment":[{"href":"https:\/\/eatthefrog.de\/en\/wp-json\/wp\/v2\/media?parent=16"}],"curies":[{"name":"wp","href":"https:\/\/api.w.org\/{rel}","templated":true}]}}

<div class="wp-block-image">
<figure class="aligncenter size-large"><img loading="lazy" decoding="async" width="819" height="1024" src="https://eatthefrog.de/wp-content/uploads/2024/02/EAT-THE-FROG-Kollektiv-2-819x1024.webp" alt="" class="wp-image-540" srcset="https://eatthefrog.de/wp-content/uploads/2024/02/EAT-THE-FROG-Kollektiv-2-819x1024.webp 819w, https://eatthefrog.de/wp-content/uploads/2024/02/EAT-THE-FROG-Kollektiv-2-240x300.webp 240w, https://eatthefrog.de/wp-content/uploads/2024/02/EAT-THE-FROG-Kollektiv-2-768x961.webp 768w, https://eatthefrog.de/wp-content/uploads/2024/02/EAT-THE-FROG-Kollektiv-2-10x12.webp 10w, https://eatthefrog.de/wp-content/uploads/2024/02/EAT-THE-FROG-Kollektiv-2-540x675.webp 540w, https://eatthefrog.de/wp-content/uploads/2024/02/EAT-THE-FROG-Kollektiv-2.webp 945w" sizes="auto, (max-width: 819px) 100vw, 819px" /></figure>
</div>


<hr class="wp-block-separator has-alpha-channel-opacity"/>



<h2 class="wp-block-heading has-text-align-center"><strong><mark style="background-color:rgba(0, 0, 0, 0)" class="has-inline-color has-buttons-background-color">Mission Statement</mark></strong></h2>



<p class="has-text-align-center has-buttons-background-color has-text-color has-link-color has-large-font-size wp-elements-4891045555e593c8aba3b2b7f9dfaf55 wp-block-paragraph"></p>



<p class="has-text-align-center wp-block-paragraph"><strong>EAT THE FROG is more than a collective of artists making music.</strong></p>



<p class="has-text-align-center wp-block-paragraph">It is a vehicle driving our common search for meaning in unclear and constantly changing times, an artistic form of expression constantly in motion.</p>



<p class="has-text-align-center wp-block-paragraph">Sometimes revealed as a band, sometimes as curators. Sometimes as workshop-givers, sometimes as activists, often alongside many interdisciplinary artistic accomplices.</p>



<p class="has-text-align-center wp-block-paragraph">The intention is clear. In all the forms we choose to express ourselves, we strive for connection and exchange between people. Coming together in a space and feeling the collective connection that is constantly present but forgotten with increasing frequency in our social system, the focus lies on what connects, not on what separates us human beings: the feeling of collective energy and the resulting synergies, not intellectual but emotional.</p>



<p class="has-text-align-center wp-block-paragraph">It is political, it wants to emancipate and extract itself from existing social narratives - ones that create separation, ones that distort the focus on us as an interconnected community and prioritise instead the long outdated capitalist systems that do not place emphasis on people but on infinite growth and material ecstasy.</p>



<p class="has-text-align-center wp-block-paragraph">It manifests itself as an offer to bring people into contact with other, new narratives that are meant to create hope and courage in these times instead of further cultivating the opposite.</p>



<p class="has-text-align-center wp-block-paragraph"><strong>EAT THE FROG is more than a collective of artists making music.</strong></p>



<p class="has-text-align-center wp-block-paragraph">It is an organism in constant motion for new collective, artistic, creative ideas and elaborations, for equal exchange and communication, in search of like-minded accomplices.</p>



<p class="has-text-align-center wp-block-paragraph"><strong>It is an organism that already carries the future in the very present.</strong></p>



<hr class="wp-block-separator has-alpha-channel-opacity"/>



<h2 class="wp-block-heading has-text-align-center">Short Bio</h2>



<p class="wp-block-paragraph"><br>EAT THE FROG Kollektiv was founded in 2020 by artists Stefan Vidal Schneider and Tobias Link to create a platform for improvised music, interdisciplinary art and community in Münster, Germany. </p>



<p class="wp-block-paragraph">Since then, they have worked extensively with the dance collective MNEME kollektiv and together created the dance theater piece NIEMANDSLAND (2023). They also collaborated on the video project UNCIVILISATION - The Dark Mountain Manifesto with Vincent Moon, Hayden Chisholm and Georg Niehusmann. </p>



<p class="wp-block-paragraph">They were part of the collective that ran the independent art space TRAFOSTATION MUENSTER, where they curated the concert series WORK IN PROGRESS, organized bi-weekly community dinners, and held monthly workshops + performances with their ImproOrchestra EXTEMPORIZE, conducted with the sign language of the same name invented by Nana Pi Aabo Kim. </p>



<p class="wp-block-paragraph">They help to organize the annual Impro Camp + Festival in Frederica, Denmark, and are collaborating with Kate Sagovsky on her artistic research PhD in Ecosomatics in Performance entitled "Rewinding Play". </p>



<p class="wp-block-paragraph">EAT THE FROG were invited to perform and work with local musicians in Kurdistan/Iraq in 2021 and 2023 and organized the HELAN Kurdish Mixed Arts Festival in Muenster, Germany in 2022 and 2023 in cooperation with the Goethe Institute Iraq. </p>



<p class="wp-block-paragraph">In January 2025 they went to Iceland to record their debut album with the band ARFI, a collaboration with Katrín Helga Ólafsdottír, featuring guests artists like Sóley, RAKEL &amp; Salóme Katrín. </p>



<p class="wp-block-paragraph">On April 17, 2025, their album UNCIVILISATION- THE DARK MOUNTAIN MANIFESTO featuring Hayden Chisholm is released on JazzHausMusik.</p>



<hr class="wp-block-separator has-alpha-channel-opacity"/>



<details class="wp-block-details alignwide has-accent-color has-text-color has-link-color wp-elements-7b278a066cc527e1c2c63d1f0ff9a5e6 is-layout-flow wp-block-details-is-layout-flow"><summary>Stefan Vidal Schneider</summary>
<hr class="wp-block-separator has-alpha-channel-opacity"/>



<p class="has-buttons-background-color has-text-color has-link-color wp-elements-274fd43dcbb948398b2ee8d292bc246f wp-block-paragraph">On the never ending and continuously transforming search to find, explore and create spaces and rooms, shapes and forms in an artistical as well as socio-culturally way, with the intent to focus on connection with other human beings in various, interdisciplinary encounters and doing this with fellow passionate and loving accomplices.</p>



<p class="has-buttons-background-color has-text-color has-link-color wp-elements-fff96260783f3d4bfd3feb1f111a8e1a wp-block-paragraph">Originally educated as a jazz drummer and working as such within this field by way of multiple national and international music projects, I’ve slowly moved further and further away from being bounded to this particular classification, now listening to and following my own natural voice and intuition within, using this process to find a meaningful place in this complex and contradictory world.</p>



<p class="has-buttons-background-color has-text-color has-link-color wp-elements-187b6507d4e8148a636c158ad4a53fad wp-block-paragraph"></p>



<p class="wp-block-paragraph"><a href="https://stefanvidalschneider.de/" target="_blank" rel="noreferrer noopener">Stefans Website</a></p>



<hr class="wp-block-separator has-alpha-channel-opacity"/>



<p class="wp-block-paragraph"></p>



<p class="wp-block-paragraph"></p>



<p class="wp-block-paragraph"></p>
</details>



<details class="wp-block-details alignwide has-accent-color has-text-color has-link-color wp-elements-056a6d4d0d0bffc0ef2414b0cd51e10a is-layout-flow wp-block-details-is-layout-flow"><summary>Tobias Link</summary>
<hr class="wp-block-separator has-alpha-channel-opacity"/>



<p class="has-buttons-background-color has-text-color has-link-color wp-elements-9e688a90093f2edc7fa2462884d3522d wp-block-paragraph">Tobias is an artist, musician, improviser, sound researcher and somatic practitioner with an interdisciplinary approach.&nbsp;</p>



<p class="has-buttons-background-color has-text-color has-link-color wp-elements-91fcbe03d19dedc14f53c695d19842e9 wp-block-paragraph">As a trained trombonist and improviser (HfMT Cologne, Lucerne University of Music, Folkwang University of the Arts Essen), he is intensively involved with human interactions and how alternative perspectives on social norms and possibilities beyond conventional (Western) imprints can be opened up.</p>



<p class="has-primary-color has-text-color has-link-color wp-elements-8da25133184787a4c39a8644b7f9b62c wp-block-paragraph">His interest in human behavior and learning led him to research somatic work and to train in the Feldenkrais Method and the Ilan Lev Method - bodywork and consciousness methods that strongly inspire his artistic expression.</p>



<p class="has-buttons-background-color has-text-color has-link-color wp-elements-05a9eed396e705c18c88a54fd3319cd6 wp-block-paragraph">What fascinates and drives him in everything he does is bringing people together and connecting them. To discover new ways of relating to ourselves, to others and to the world around us. To create possibilities and spaces that deconstruct reality as we know it and provoke new ways of experiencing the world. To question existing structures and enable new, unfamiliar forms of perception and experience - through and with sound, music and all other forms of human expression.&nbsp;</p>



<p class="wp-block-paragraph"><a href="https://www.instagram.com/tobiaslink29/" target="_blank" rel="noreferrer noopener">Tobias Website</a></p>



<hr class="wp-block-separator has-alpha-channel-opacity"/>
</details>



<p class="wp-block-paragraph"></p>



<p class="wp-block-paragraph"></p>

<p>Philosophie EAT THE FROG ist mehr als ein Kollektiv von Künstler*innen, die Musik machen. Es ist ein Vehikel, das unsere gemeinschaftliche Suche nach Sinn in diesen ungewissen und&hellip;</p>
